-3))?
10
What is (-3514 - -3493) + 6 + (-2 - -4) + 0?
-13
Calculate -95 - -101 - (-1 + (2 - 0)).
5
Evaluate -11 + 0 + (177 - 169).
-3
Calculate 3 - (0 - (12 - 4)) - 20 - -4.
-5
What is (6 + -4 - 1 - 31) + 13?
-17
What is 4 + -6 + 0 + (-4 - (-6 + 18))?
-18
Evaluate -12 + (28 + 26 - 23).
19
Evaluate 0 + 4 + (0 - 1) - (-1124 + 1127).
0
What is -13 - ((-1 - (-6 - -11)) + 2)?
-9
Calculate -10 + 4 + -10 + -4 + 3 + 1.
-16
Calculate -1 + 8 - (14 + -7) - -41 - 9.
32
Calculate (-15 - -14) + (4 - 19).
-16
What is 3 + (9 - (9 + -8)) + (-2 - 6)?
3
What is (176 - 182) + (8 - (2 + -1 + 0))?
1
What is -30 + (28 - -8 - 18)?
-12
(3 - 1 - -1) + (162 - 158)
7
Evaluate -2 - (15 - (-4 + 13 - (-20 - -31))).
-19
What is the value of 15 + 1 - (-85 + 112)?
-11
Calculate 8 + 2 + -19 - -17.
8
What is the value of (-16 - (10 + 0)) + 17?
-9
What is the value of -8 + (8 - 4) + 2 - (-1 + 0)?
-1
What is the value of 16 + 4 + (-6 - -1 - -3) + 3?
21
Evaluate (2 - 7) + 17 + (-26 - (2 + -8)).
-8
(0 - -8) + (-87 + 94 - (-1 + 1))
15
What is (10 - 24) + 4 + 0?
-10
Calculate -4 - ((3 - 19) + (-15 - -15)).
12
(63 - 57) + -8 + 1
-1
What is 5 + -5 + (7 - 2) + -9 + 7?
3
What is 26 - (24 - 12) - 6?
8
Evaluate -28 + 0 - (-1213 + 1190).
-5
20 - 17 - (16 - 5) - -16
8
Calculate 22 + (-26 - -17) - 29.
-16
What is the value of (-17 + 2 - -54) + -14?
25
23 + 14 + -31 - 4 - (20 + -1)
-17
0 - 3 - (-17 - -4 - -1)
9
What is (4 - 28) + 421 + -375?
22
What is the value of -56 + (14 - -34) - (-2 + 3)?
-9
What is the value of (11 - 2) + -2 + 11 + 1 + -8?
11
Evaluate (5 - (-11 + 6 + 2 + 15)) + 41.
34
Calculate 1 - -12 - (22 - 13) - (7 + -4).
1
What is the value of (-4 + 6 - -7) + 10 + -16?
3
Evaluate 3 - (-2 + -6 + 16 + 2 + 16).
-23
Evaluate -3 + (10 - 5) - (1 + -3 + 5).
-1
Evaluate 1025 - 1015 - (-14 + 0).
24
What is the value of 23 - (-13 + 24) - -4?
16
What is the value of (18 - 18 - (0 - 2)) + -1 + 0?
1
What is the value of -817 + 818 - (-8 - (-3 - (-2 - 2)))?
10
Evaluate 1 - 4 - (-3 - (0 - (7 + -6))).
-1
6 + (3 - 21) + 4 - 0
-8
What is the value of (0 - -13) + -188 + 155?
-20
Calculate 11 + 1 + 18 + -23.
7
Calculate (4 - 2) + (6 - 5) - 18.
-15
What is the value of (2 - (0 + -9)) + -232 + 212?
-9
What is (-11 + 25 - 9) + (1 - 0) + 12?
18
14 - (4 + -10 + 32)
-12
What is the value of 14 + 13 + -5 + -31?
-9
Calculate -6 + 6 + 1 + 0 - (0 - 1).
2
Calculate 8 + (7 + 4 - 6 - 27).
-14
-4 + -4 + 1 + -3 + 4
-6
Evaluate 1 + (-2 - (4 + -1)) + 15 + -12.
-1
What is the value of -7 - (-9 - -10 - -2)?
-10
10 - (-8 + 35 - 4) - (-7 - -3)
-9
What is -2 + 13 + -53 + 62 + -1 + 0?
19
What is -22 + (-4 - (6 - -7)) + 24?
-15
Calculate 1 + 1 + -1 + (-21 - -24) - -1.
5
What is the value of 4 - 4 - (-13 - (-6 + -12))?
-5
What is the value of (37 - 0) + 3 + -54 + 31 + 21?
38
What is (2 + -2 - -9) + 268 + -276?
1
What is the value of 2 + 0 + -16 + 16?
2
8 + -12 + 6 + 5 + (2 - 20)
-11
Calculate 16 - (-25 - -39) - 23.
-21
Evaluate (0 - -2) + (-11 - -10) + (-2 - -3).
2
What is the value of 5 - (-2 - ((7 - 26) + 9))?
-3
What is the value of -27 - -39 - (15 - 0)?
-3
Evaluate 72 - 70 - ((-2 - 1) + 7).
-2
(-13 - (2 - 7)) + 7 + (-3 - 3)
-7
17 + -9 - (-8 - -20) - (7 - 42)
31
21 + (-10 - (-25 + 63))
-27
What is the value of (-1 + 1 + 9 - 15) + -3 + 8?
-1
What is the value of 284 - 264 - (1 + 1)?
18
What is the value of -1 + (8 - 8) + -1?
-2
-28 - (1 + (-22 - 1))
-6
Evaluate -7 - (-9 - (0 + 14 + -10 - 3)).
3
Evaluate 22 - (64 - 15 - 20).
-7
What is the value of 2 - (-10 - (32 + -4 + (1 - 12)))?
29
What is -8 - (-5 - (3 - (-3 + 21 + 5)))?
-23
What is the value of (0 - 4 - (-28 - -20)) + (1 - 17)?
-12
Calculate 25 + (-63 + 41 - -17).
20
Evaluate -4 - (-12 - -6 - -15).
-13
-5 - (7 - 6) - (-1 + -14)
9
Evaluate (5 - 4 - -19) + -7.
13
Evaluate (5 - -3) + 9 + -8 + -3.
6
0 - (3 + 1) - (1 - 43 - -24)
14
19 + -65 + 37 + 8
-1
What is 32 - (76 - 6) - -70?
32
Calculate -1 + (0 - -3) + -25 - (-3 - 3).
-17
What is (-4 - -6) + (-2 - 6) - 5?
-11
9 - (3 - (-9 - (-6 - -1)))
2
(-4 - -8) + -6 + 5 - -5
8
What is the value of -4 + 16 + -3 + -2 + -11 - 0?
-4
Calculate 3 + 6 + 3 - 21.
-9
What is the value of 32 + -22 - (-2 + -2)?
14
What is the value of 145 + -156 - (1 - -1 - (1 + -4))?
-16
Calculate 612 + -626 + -15 + (2 - 0).
-27
What is the value of -620 + 599 - (-33 - 1)?
13
Evaluate 16 - 4 - -22 - 70.
-36
What is the value of 16 - ((0 + 5 - -8) + -9)?
12
Calculate 6 - 8 - 6 - -13 - (-10 + 4).
11
What is 25 - (5 + 4) - 7 - (2 + 2)?
5
Calculate (6 - 17) + -13 + 10.
-14
Calculate -40 + 13 + 16 - 7.
-18
Calculate -8 + -4 + (-5 + 21 + -2 - 4).
-2
What is 16 - ((9 - -12) + -1)?
-4
Evaluate -8 + -17 + 4 + 1 + 1.
-19
Calculate 12 + (-20 - 0) + 0.
-8
Evaluate -8 + -2 + (-2 - 0) + 3.
-9
What is the value of (15 - 0) + -380 + 375?
10
What is the value of 1 - 10 - (13 - 24)?
2
Evaluate (-3 + 5 - -23) + 30 + -39.
16
Calculate -2 + 0 - 8 - (350 + -345).
-15
Calculate -65 - (20 - 42 - 16).
-27
What is the value of -7 - (-20 - -3 - (-12 + 31))?
29
-1 + 6 - (-78 - -95)
-12
Evaluate 512 - 530 - (2 + -25).
5
Calculate 14 - ((10 - 20) + 31).
-7
Evaluate 16 + 11 + -11 - (5 + -3 + 3).
11
What is (-1 + -2 - -15) + -20 + 2?
-6
Evaluate (9 - ((-5 - -13) + -6 + 7)) + 28.
28
What is the value of -7 + 2 - (10 - 12 - -5)?
-8
Calculate 35 + -31 + -22 + -2 + 2.
-18
Calculate -4 - 6 - (-5 + 4).
-9
What is 3 - (11 + 0 + -16 + 7)?
1
What is the value of -12 - (34 + -31 - (-1 + 4))?
-12
Evaluate (-7 - (5 - 8) - 1) + -1.
-6
-49 - (35 - (18 - -49))
-17
Calculate 5 + (19 - 19) + (-1 - 25).
-21
What is the value of (3 - (26 - -3)) + 4 + (71 - 62)?
-13
What is the value of -7 + 1 - (6 + 14 + -9 - 8)?
-9
What is the value of 9 + -4 - 0 - 3 - (0 + -3)?
5
Evaluate -15 - (5 + (4 + -4 - 6) + -6).
-8
What is 19 + 35 + (1 - 37)?
18
What is the value of 9 + 1 - (-245 + 229)?
26
Calculate -1 + -1 + (41 - 29) - (-4 - 6).
20
Calculate (1 - 9) + ((-1 - -15) + -11 - -12).
7
Evaluate -4 + 0 + (29 - (-41 - -87)).
-21
Evaluate (-1 - -20) + (-10 - -2) + 7 + -6.
12
Calculate -2 + 9 + 0 + -1 - (-2 + 20).
-12
Evaluate (-176 - -161) + (25 - -1).
11
Calculate 5 + (-9 - -12) - 12 - (-1 + -6).
3
7 - (-4 + -6 + 3 + 25)
-11
What is the value of 18 + -15 - (-22 + 24)?
1
9 - (-3 + (-6 - -9) + 16)
-7
(6 - -3) + (-1 - -15 - 16)
7
Evaluate 13 - -12 - (-12 - -32).
5
(-210 - -209) + (2 - -1) + (13 - -1)
16
Calculate (18 + -22 - (0 + 2)) + 11.
5
8 + -7 + 13 + -19
-5
14 + -1 + (4 - 21)
-4
What is the value of 2 - -4 - 4 - -2 - -5?
9
What is the value of -7 + (0 + -2 - (13 + -26))?
4
Calculate 9 + 5 + 1 - (8 - 6).
13
Evaluate 47 + -17 + -35 + -1 + (2 - -16).
12
Calculate 4 + (-5 - (-4 + 1) - 2 - 24).
-24
What is (-1 - (48 - 39)) + 42?
32
What is 8 + -20 + (13 - -6)?
7
7 - -2 - (31 - (28 - 16)) - 11
-21
Calculate (0 + -13 - 2) + -24 - -9.
-30
Evaluate 20 - 22 - (-6 - -1 - (5 - 7)).
1
Evaluate 12 + (-30 - -8) - -10.
0
What is 8 - ((8 - (-4 + 4)) + -5)?
5
What is 26 - 3 - (18 - (15 - 0)) - -10?
30
What is the value of 26 + -43 + -5 + 1?
-21
Calculate -25 + -9 + 13 + 6 + -2.
-17
Evaluate 2 - (-4 + 0) - 0.
6
What is -10 + 15 + 7 - (11 - 9)?
10
Evaluate -4 - (-11 + 10 + 9 + -11).
-1
Calculate (-26 + 5 - -65) + -29.
15
Evaluate 31 + -48 + (6 - -10).
-1
What is the value of (-10 - -25 - 3) + 2?
14
-1 - ((-16 - -12) + -9)
12
Evaluate -10 - (-17 + 14 + -7 - -12).
-12
Evaluate 2 + -9 + (2 + 8 - -6).
9
What is 98 + -117 - (-5 + 0)?
-14
Calculate -6 - -1 - (7 - (44 - (-9 - -9))).
32
What is the value of 22 - 26 - (3 + -5 - -4 - 3)?
-3
Calculate 21 + -20 - (3 + -2 - 6).
6
Evaluate ((20 - 7) + 5 - 9) + -15.
-6
What is the value of -6 + 4 + (-8 - -4)?
-6
Evaluate (-28 - -18) + (37 + -2 - (6 - 9)).
28
Evaluate 20 + -42 + 14 + -8.
-16
What is 6 - -5 - (23 + (-2 - -20))?
-30
What is the value of 1542 + -1530 - (-2 + 0 - -7)?
7
Calculate -20 + (4 + 2 - 12) + 26 + -22.
-22
Evaluate 17 + 17 + (39 - 94).
-21
-13 - ((-3 - -4) + -3)
-11
-11 + (17 - 21 - -17)
2
What is (-3 - 0) + 1 + -6 + 21 + -14?
-1
(-2 - -7 - 6) + (5 - -2) - 6
0
Evaluate -14 + (9 + -10 - -19).
4
11 + -17 + (-6 + (0 - -3) - -3)
-6
What is 10 - (-4 + 0 + (10 - 12))?
16
(-36 + 51 - 6) + 18
27
What is the value of 6 + 7 + -1 - 10?
2
Calculate -12 + 45 + 9 + (6 - 17).
31
Calculate (-3 - -12) + 36 + -19 + -24.
2
Evaluate 7 + 15 + -13 + 26 + -16.
19
What is 37 - ((16 - -53) + -26)?
-6
Calcul